{"id":707,"date":"2019-07-10T17:14:24","date_gmt":"2019-07-10T17:14:24","guid":{"rendered":"http:\/\/www.tibetan-terrier.cz\/?page_id=707"},"modified":"2019-07-10T18:18:09","modified_gmt":"2019-07-10T18:18:09","slug":"t-sengge-9-2-2019","status":"publish","type":"page","link":"https:\/\/www.tibetan-terrier.cz\/index.php\/t-sengge-9-2-2019\/","title":{"rendered":"T Sengge *9. 2. 2019"},"content":{"rendered":"\n<p><strong>Tenzing<\/strong> (pejsek), b\u00edl\u00fd, \u010dern\u00e9 znaky<br><strong>Tsering<\/strong> (pejsek), b\u00edl\u00fd, \u010dern\u00e9 znaky<br><strong>Tashi <\/strong>(fenka), b\u00edl\u00e1, \u010dern\u00e9 znaky<\/p>\n\n\n\n<figure class=\"wp-block-image\"><img loading=\"lazy\" decoding=\"async\" width=\"1024\" height=\"698\" src=\"http:\/\/www.tibetan-terrier.cz\/wp-content\/uploads\/2019\/07\/IMG_4472-e1562779715932-1024x698.jpg\" alt=\"\" class=\"wp-image-721\"\/><figcaption>Tashi, Tenzing a Tsering v osmi t\u00fddnech<\/figcaption><\/figure>\n\n\n\n<table class=\"wp-block-table aligncenter is-style-stripes\"><tbody><tr><td>otec: <strong>Assam Anuttara<\/strong><br><br><img loading=\"lazy\" decoding=\"async\" width=\"300\" height=\"244\" class=\"wp-image-727\" style=\"width: 300px;\" src=\"http:\/\/www.tibetan-terrier.cz\/wp-content\/uploads\/2019\/07\/Assam2018-e1562782088168.jpg\" alt=\"\" srcset=\"https:\/\/www.tibetan-terrier.cz\/wp-content\/uploads\/2019\/07\/Assam2018-e1562782088168.jpg 692w, https:\/\/www.tibetan-terrier.cz\/wp-content\/uploads\/2019\/07\/Assam2018-e1562782088168-300x244.jpg 300w\" sizes=\"auto, (max-width: 300px) 100vw, 300px\" \/><\/td><td>matka: <a href=\"http:\/\/www.tibetan-terrier.cz\/index.php\/ch-rika-sengge\/\"><strong>Ch. Rika Sengge<\/strong><\/a><br><br><img loading=\"lazy\" decoding=\"async\" width=\"300\" height=\"250\" class=\"wp-image-174\" style=\"width: 300px;\" src=\"http:\/\/www.tibetan-terrier.cz\/wp-content\/uploads\/2019\/07\/Rika-2017.jpg\" alt=\"\" srcset=\"https:\/\/www.tibetan-terrier.cz\/wp-content\/uploads\/2019\/07\/Rika-2017.jpg 600w, https:\/\/www.tibetan-terrier.cz\/wp-content\/uploads\/2019\/07\/Rika-2017-300x250.jpg 300w\" sizes=\"auto, (max-width: 300px) 100vw, 300px\" \/><\/td><\/tr><\/tbody><\/table>\n","protected":false},"excerpt":{"rendered":"<p>Tenzing (pejsek), b\u00edl\u00fd, \u010dern\u00e9 znakyTsering (pejsek), b\u00edl\u00fd, \u010dern\u00e9 znakyTashi (fenka), b\u00edl\u00e1, \u010dern\u00e9 znaky otec: Assam Anuttara matka: Ch. Rika Sengge<\/p>\n","protected":false},"author":1,"featured_media":0,"parent":0,"menu_order":0,"comment_status":"closed","ping_status":"closed","template":"","meta":{"_mo_disable_npp":"","footnotes":""},"class_list":["post-707","page","type-page","status-publish","hentry"],"yoast_head":"<!-- This site is optimized with the Yoast SEO plugin v22.0 - https:\/\/yoast.com\/wordpress\/plugins\/seo\/ -->\n<title>T Sengge *9. 2. 2019 - SENGGE Tibetan Terriers<\/title>\n<meta name=\"robots\" content=\"index, follow, max-snippet:-1, max-image-preview:large, max-video-preview:-1\" \/>\n<link rel=\"canonical\" href=\"https:\/\/www.tibetan-terrier.cz\/index.php\/t-sengge-9-2-2019\/\" \/>\n<meta property=\"og:locale\" content=\"cs_CZ\" \/>\n<meta property=\"og:type\" content=\"article\" \/>\n<meta property=\"og:title\" content=\"T Sengge *9. 2. 2019 - SENGGE Tibetan Terriers\" \/>\n<meta property=\"og:description\" content=\"Tenzing (pejsek), b\u00edl\u00fd, \u010dern\u00e9 znakyTsering (pejsek), b\u00edl\u00fd, \u010dern\u00e9 znakyTashi (fenka), b\u00edl\u00e1, \u010dern\u00e9 znaky otec: Assam Anuttara matka: Ch. Rika Sengge\" \/>\n<meta property=\"og:url\" content=\"https:\/\/www.tibetan-terrier.cz\/index.php\/t-sengge-9-2-2019\/\" \/>\n<meta property=\"og:site_name\" content=\"SENGGE Tibetan Terriers\" \/>\n<meta property=\"article:modified_time\" content=\"2019-07-10T18:18:09+00:00\" \/>\n<meta property=\"og:image\" content=\"http:\/\/www.tibetan-terrier.cz\/wp-content\/uploads\/2019\/07\/IMG_4472-e1562779715932-1024x698.jpg\" \/>\n<meta name=\"twitter:card\" content=\"summary_large_image\" \/>\n<script type=\"application\/ld+json\" class=\"yoast-schema-graph\">{\"@context\":\"https:\/\/schema.org\",\"@graph\":[{\"@type\":\"WebPage\",\"@id\":\"https:\/\/www.tibetan-terrier.cz\/index.php\/t-sengge-9-2-2019\/\",\"url\":\"https:\/\/www.tibetan-terrier.cz\/index.php\/t-sengge-9-2-2019\/\",\"name\":\"T Sengge *9. 2. 2019 - SENGGE Tibetan Terriers\",\"isPartOf\":{\"@id\":\"https:\/\/www.tibetan-terrier.cz\/#website\"},\"datePublished\":\"2019-07-10T17:14:24+00:00\",\"dateModified\":\"2019-07-10T18:18:09+00:00\",\"breadcrumb\":{\"@id\":\"https:\/\/www.tibetan-terrier.cz\/index.php\/t-sengge-9-2-2019\/#breadcrumb\"},\"inLanguage\":\"cs\",\"potentialAction\":[{\"@type\":\"ReadAction\",\"target\":[\"https:\/\/www.tibetan-terrier.cz\/index.php\/t-sengge-9-2-2019\/\"]}]},{\"@type\":\"BreadcrumbList\",\"@id\":\"https:\/\/www.tibetan-terrier.cz\/index.php\/t-sengge-9-2-2019\/#breadcrumb\",\"itemListElement\":[{\"@type\":\"ListItem\",\"position\":1,\"name\":\"Dom\u016f\",\"item\":\"https:\/\/www.tibetan-terrier.cz\/\"},{\"@type\":\"ListItem\",\"position\":2,\"name\":\"T Sengge *9. 2. 2019\"}]},{\"@type\":\"WebSite\",\"@id\":\"https:\/\/www.tibetan-terrier.cz\/#website\",\"url\":\"https:\/\/www.tibetan-terrier.cz\/\",\"name\":\"SENGGE Tibetan Terriers\",\"description\":\"\",\"publisher\":{\"@id\":\"https:\/\/www.tibetan-terrier.cz\/#\/schema\/person\/ed64c1f3c3e52fdaaeb9a3019fbfbbbd\"},\"potentialAction\":[{\"@type\":\"SearchAction\",\"target\":{\"@type\":\"EntryPoint\",\"urlTemplate\":\"https:\/\/www.tibetan-terrier.cz\/?s={search_term_string}\"},\"query-input\":\"required name=search_term_string\"}],\"inLanguage\":\"cs\"},{\"@type\":[\"Person\",\"Organization\"],\"@id\":\"https:\/\/www.tibetan-terrier.cz\/#\/schema\/person\/ed64c1f3c3e52fdaaeb9a3019fbfbbbd\",\"name\":\"Sengge\",\"image\":{\"@type\":\"ImageObject\",\"inLanguage\":\"cs\",\"@id\":\"https:\/\/www.tibetan-terrier.cz\/#\/schema\/person\/image\/\",\"url\":\"https:\/\/www.tibetan-terrier.cz\/wp-content\/uploads\/2019\/07\/SengLogo7..jpg\",\"contentUrl\":\"https:\/\/www.tibetan-terrier.cz\/wp-content\/uploads\/2019\/07\/SengLogo7..jpg\",\"width\":801,\"height\":125,\"caption\":\"Sengge\"},\"logo\":{\"@id\":\"https:\/\/www.tibetan-terrier.cz\/#\/schema\/person\/image\/\"},\"sameAs\":[\"http:\/\/www.tibetan-terrier.cz\"]}]}<\/script>\n<!-- \/ Yoast SEO plugin. -->","yoast_head_json":{"title":"T Sengge *9. 2. 2019 - SENGGE Tibetan Terriers","robots":{"index":"index","follow":"follow","max-snippet":"max-snippet:-1","max-image-preview":"max-image-preview:large","max-video-preview":"max-video-preview:-1"},"canonical":"https:\/\/www.tibetan-terrier.cz\/index.php\/t-sengge-9-2-2019\/","og_locale":"cs_CZ","og_type":"article","og_title":"T Sengge *9. 2. 2019 - SENGGE Tibetan Terriers","og_description":"Tenzing (pejsek), b\u00edl\u00fd, \u010dern\u00e9 znakyTsering (pejsek), b\u00edl\u00fd, \u010dern\u00e9 znakyTashi (fenka), b\u00edl\u00e1, \u010dern\u00e9 znaky otec: Assam Anuttara matka: Ch. Rika Sengge","og_url":"https:\/\/www.tibetan-terrier.cz\/index.php\/t-sengge-9-2-2019\/","og_site_name":"SENGGE Tibetan Terriers","article_modified_time":"2019-07-10T18:18:09+00:00","og_image":[{"url":"http:\/\/www.tibetan-terrier.cz\/wp-content\/uploads\/2019\/07\/IMG_4472-e1562779715932-1024x698.jpg"}],"twitter_card":"summary_large_image","schema":{"@context":"https:\/\/schema.org","@graph":[{"@type":"WebPage","@id":"https:\/\/www.tibetan-terrier.cz\/index.php\/t-sengge-9-2-2019\/","url":"https:\/\/www.tibetan-terrier.cz\/index.php\/t-sengge-9-2-2019\/","name":"T Sengge *9. 2. 2019 - SENGGE Tibetan Terriers","isPartOf":{"@id":"https:\/\/www.tibetan-terrier.cz\/#website"},"datePublished":"2019-07-10T17:14:24+00:00","dateModified":"2019-07-10T18:18:09+00:00","breadcrumb":{"@id":"https:\/\/www.tibetan-terrier.cz\/index.php\/t-sengge-9-2-2019\/#breadcrumb"},"inLanguage":"cs","potentialAction":[{"@type":"ReadAction","target":["https:\/\/www.tibetan-terrier.cz\/index.php\/t-sengge-9-2-2019\/"]}]},{"@type":"BreadcrumbList","@id":"https:\/\/www.tibetan-terrier.cz\/index.php\/t-sengge-9-2-2019\/#breadcrumb","itemListElement":[{"@type":"ListItem","position":1,"name":"Dom\u016f","item":"https:\/\/www.tibetan-terrier.cz\/"},{"@type":"ListItem","position":2,"name":"T Sengge *9. 2. 2019"}]},{"@type":"WebSite","@id":"https:\/\/www.tibetan-terrier.cz\/#website","url":"https:\/\/www.tibetan-terrier.cz\/","name":"SENGGE Tibetan Terriers","description":"","publisher":{"@id":"https:\/\/www.tibetan-terrier.cz\/#\/schema\/person\/ed64c1f3c3e52fdaaeb9a3019fbfbbbd"},"potentialAction":[{"@type":"SearchAction","target":{"@type":"EntryPoint","urlTemplate":"https:\/\/www.tibetan-terrier.cz\/?s={search_term_string}"},"query-input":"required name=search_term_string"}],"inLanguage":"cs"},{"@type":["Person","Organization"],"@id":"https:\/\/www.tibetan-terrier.cz\/#\/schema\/person\/ed64c1f3c3e52fdaaeb9a3019fbfbbbd","name":"Sengge","image":{"@type":"ImageObject","inLanguage":"cs","@id":"https:\/\/www.tibetan-terrier.cz\/#\/schema\/person\/image\/","url":"https:\/\/www.tibetan-terrier.cz\/wp-content\/uploads\/2019\/07\/SengLogo7..jpg","contentUrl":"https:\/\/www.tibetan-terrier.cz\/wp-content\/uploads\/2019\/07\/SengLogo7..jpg","width":801,"height":125,"caption":"Sengge"},"logo":{"@id":"https:\/\/www.tibetan-terrier.cz\/#\/schema\/person\/image\/"},"sameAs":["http:\/\/www.tibetan-terrier.cz"]}]}},"_links":{"self":[{"href":"https:\/\/www.tibetan-terrier.cz\/index.php\/wp-json\/wp\/v2\/pages\/707","targetHints":{"allow":["GET"]}}],"collection":[{"href":"https:\/\/www.tibetan-terrier.cz\/index.php\/wp-json\/wp\/v2\/pages"}],"about":[{"href":"https:\/\/www.tibetan-terrier.cz\/index.php\/wp-json\/wp\/v2\/types\/page"}],"author":[{"embeddable":true,"href":"https:\/\/www.tibetan-terrier.cz\/index.php\/wp-json\/wp\/v2\/users\/1"}],"replies":[{"embeddable":true,"href":"https:\/\/www.tibetan-terrier.cz\/index.php\/wp-json\/wp\/v2\/comments?post=707"}],"version-history":[{"count":8,"href":"https:\/\/www.tibetan-terrier.cz\/index.php\/wp-json\/wp\/v2\/pages\/707\/revisions"}],"predecessor-version":[{"id":735,"href":"https:\/\/www.tibetan-terrier.cz\/index.php\/wp-json\/wp\/v2\/pages\/707\/revisions\/735"}],"wp:attachment":[{"href":"https:\/\/www.tibetan-terrier.cz\/index.php\/wp-json\/wp\/v2\/media?parent=707"}],"curies":[{"name":"wp","href":"https:\/\/api.w.org\/{rel}","templated":true}]}}